osite number?
True
Is 242927 a composite number?
False
Is 413 composite?
True
Is 43997 prime?
True
Is 57059 composite?
False
Is 6155 a prime number?
False
Is 203927 composite?
True
Is 283397 a prime number?
True
Is 8489 a composite number?
True
Is 4757 composite?
True
Is 655397 a composite number?
True
Is 92773 a composite number?
True
Is 1305487 composite?
True
Is 254341 a composite number?
True
Is 787 a composite number?
False
Is 17047 prime?
True
Is 62857 prime?
False
Is 6469 a prime number?
True
Is 1270805 composite?
True
Is 182921 a composite number?
False
Is 73121 a prime number?
True
Is 3037 composite?
False
Is 98251 composite?
False
Is 1555901 a composite number?
False
Is 233677 a prime number?
False
Is 231009 a composite number?
True
Is 257921 prime?
True
Is 1109326 a composite number?
True
Is 1371751 composite?
True
Is 4300297 a composite number?
False
Is 21257 prime?
False
Is 8009 a composite number?
False
Is 7393 composite?
False
Is 25841 a composite number?
False
Is 13229 prime?
True
Is 2983 a prime number?
False
Is 69259 a composite number?
False
Is 92479 a composite number?
False
Is 26801 a prime number?
True
Is 355457 a prime number?
True
Is 161485 prime?
False
Is 31847 composite?
False
Is 518647 composite?
True
Is 31417 prime?
False
Is 6937 prime?
False
Is 74773 a prime number?
False
Is 2203 prime?
True
Is 18461 a prime number?
True
Is 29833 a composite number?
False
Is 7123 a prime number?
False
Is 316991 composite?
False
Is 30773 composite?
False
Is 417451 a prime number?
True
Is 15511 prime?
True
Is 38774 a composite number?
True
Is 295093 composite?
True
Is 566939 composite?
False
Is 13801 a composite number?
True
Is 106801 prime?
True
Is 11157 prime?
False
Is 65959 a composite number?
True
Is 22879 prime?
False
Is 16603 a composite number?
False
Is 90427 a composite number?
True
Is 449182 prime?
False
Is 1529563 a prime number?
False
Is 6823 composite?
False
Is 131951 composite?
True
Is 9901 prime?
True
Is 104609 prime?
False
Is 286813 composite?
False
Is 545431 a prime number?
False
Is 3013 composite?
True
Is 422 composite?
True
Is 131 a composite number?
False
Is 394897 a prime number?
True
Is 25997 a composite number?
False
Is 430799 composite?
False
Is 84613 composite?
True
Is 545641 a composite number?
False
Is 791 a prime number?
False
Is 48019 a composite number?
True
Is 2638 a composite number?
True
Is 179311 prime?
False
Is 1382 a composite number?
True
Is 476867 composite?
True
Is 1973 a composite number?
False
Is 406309 prime?
True
Is 159389 prime?
True
Is 2627 a prime number?
False
Is 33973 prime?
False
Is 39194 prime?
False
Is 233273 a composite number?
True
Is 49807 a composite number?
False
Is 2569 composite?
True
Is 108971 composite?
False
Is 34223 a composite number?
True
Is 843337 a prime number?
False
Is 20573 a prime number?
False
Is 219665 composite?
True
Is 740651 a prime number?
True
Is 205235 prime?
False
Is 11677 a prime number?
True
Is 7753 composite?
False
Is 19661 a prime number?
True
Is 339477 a composite number?
True
Is 1043131 prime?
True
Is 7061 composite?
True
Is 25301 composite?
False
Is 396913 a composite number?
True
Is 128281 a prime number?
False
Is 29101 prime?
True
Is 731593 prime?
True
Is 38593 prime?
True
Is 2427 prime?
False
Is 16741 composite?
False
Is 166597 composite?
False
Is 9370415 a composite number?
True
Is 75431 a composite number?
False
Is 4016959 prime?
True
Is 13133 composite?
True
Is 441293 a prime number?
False
Is 13157 a composite number?
True
Is 19127 prime?
False
Is 53527 composite?
False
Is 72989 a prime number?
False
Is 6769 prime?
False
Is 792313 a composite number?
True
Is 51943 composite?
True
Is 249121 a prime number?
False
Is 15245 a prime number?
False
Is 2359813 a composite number?
True
Is 2051653 composite?
False
Is 625763 a prime number?
True
Is 12889 a prime number?
True
Is 526063 a composite number?
False
Is 20099 a prime number?
False
Is 48851 composite?
True
Is 160253 a prime number?
True
Is 212811 composite?
True
Is 14281 composite?
False
Is 41801 a composite number?
False
Is 841 a composite number?
True
Is 964199 a prime number?
True
Is 1777 a composite number?
False
Is 81409 prime?
True
Is 1342409 prime?
True
Is 169933 a prime number?
True
Is 1189409 composite?
True
Is 83645 a prime number?
False
Is 1932619 prime?
False
Is 265189 prime?
False
Is 4783 composite?
False
Is 323413 a composite number?
False
Is 1659193 prime?
False
Is 6113 a prime number?
True
Is 52651 prime?
False
Is 5353 a prime number?
False
Is 292909 a prime number?
True
Is 359 a composite number?
False
Is 68258 a prime number?
False
Is 100267 a prime number?
True
Is 63949 prime?
True
Is 65753 a composite number?
True
Is 82457 a composite number?
False
Is 4762 composite?
True
Is 18187 prime?
False
Is 120831 composite?
True
Is 496393 a prime number?
False
Is 3841 composite?
True
Is 25579 composite?
False
Is 45941 a composite number?
True
Is 138889 a composite number?
False
Is 154613 prime?
True
Is 68621 composite?
True
Is 19759 a prime number?
True
Is 111953 a prime number?
True
Is 2267 a prime number?
True
Is 10741 a prime number?
False
Is 1160855 composite?
True
Is 1624331 prime?
True
Is 61505 a composite number?
True
Is 780173 a composite number?
False
Is 328307 prime?
False
Is 29483 prime?
True
Is 103 composite?
False
Is 680123 prime?
True
Is 64679 a prime number?
True
Is 121061 prime?
True
Is 437837 a prime number?
True
Is 5849 prime?
True
Is 31139 a composite number?
False
Is 284777 a prime number?
True
Is 911 a prime number?
True
Is 23969 prime?
False
Is 127 prime?
True
Is 2901 prime?
False
Is 3499 prime?
True
Is 585159 a composite number?
True
Is 68071 composite?
False
Is 497611 a composite number?
True
Is 8621 a prime number?
False
Is 24979 prime?
True
Is 370871 a prime number?
True
Is 161183 composite?
True
Is 5959 a composite number?
True
Is 56077 a prime number?
False
Is 81509 composite?
False
Is 5557 prime?
True
Is 2326 prime?
False
Is 17521 composite?
True
Is 1243 composite?
True
Is 7829 a prime number?
True
Is 9701 composite?
True
Is 19661 prime?
True
Is 177737 a composite number?
True
Is 4963 composite?
True
Is 40031 a prime number?
True
Is 44117 composite?
True
Is 158 prime?
False
Is 145771 prime?
True
Is 351503 prime?
True
Is 3719 prime?
True
Is 35353 prime?
True
Is 4426 prime?
False
Is 1075547 prime?
False
Is 607207 a prime number?
False
Is 234307 prime?
False
Is 268187 a composite number?
True
Is 38453 composite?
False
Is 12723 prime?
False
Is 884665 composite?
True
Is 2387753 a prime number?
True
Is 36037 a prime number?
True
Is 12149 a prime number?
True
Is 6947 prime?
True
Is 696961 prime?
True
Is 1334213 a prime number?
False
Is 1295447 a prime number?
True
Is 190321 a prime number?
True
Is 199049 a prime number?
True
Is 60833 prime?
False
Is 4435 a composite number?
True
Is 193133 a prime number?
True
Is 313523 prime?
False
Is 100433 composite?
True
Is 44803 prime?
False
Is 72211 composite?
False
Is 12079 a composite number?
True
Is 3343 composite?
False
Is 50529 a composite number?
True
Is 4947841 prime?
True
Is 105661 a prime number?
False
Is 8879 a composite number?
True
Is 2719 a composite number?
False
Is 639091 composite?
False
Is 937351 composite?
False
Is 48157 composite?
False
Is 45249 prime?
False
Is 53071 prime?
False
Is 200117 a composite number?
False
Is 3389 prime?
True
Is 33861 a composite number?
True
Is 37079 a prime number?
False
Is 392489 a prime number?
True
Is 639893 prime?
False
Is 22303 a prime number?
True
Is 2953 a composite number?
False
Is 218819 a composite number?
False
Is 94477 a composite number?
False
Is 14369 composite?
False
Is 740273 a prime number?
False
Is 375407 a composite number?
False
Is 2384979 a prime number?
False
Is 5755 a prime number?
False
Is 31357 a prime number?
True
Is 2473487 composite?
True
Is 9029 a composite number?
False
Is 283267 composite?
False
Is 40423 prime?
True
Is 61637 a prime number?
True
Is 520747 prime?
True
Is 5143 a composite number?
True
Is 157954 a prime number?
False
Is 8011 a composite number?
False
Is 598181 composite?
True
Is 261397 a composite number?
True
Is 14633 prime?
True
Is 1685721 a composite number?
True
Is 8923 a composite number?
False
Is 14941 a prime number?
False
I